{"id":132,"date":"2022-05-18T14:10:31","date_gmt":"2022-05-18T12:10:31","guid":{"rendered":"http:\/\/camping.combourg.bzh\/?page_id=132"},"modified":"2022-05-31T14:48:47","modified_gmt":"2022-05-31T12:48:47","slug":"mentions-legales","status":"publish","type":"page","link":"https:\/\/camping.combourg.bzh\/index.php\/mentions-legales\/","title":{"rendered":"Mentions l\u00e9gales"},"content":{"rendered":"\t\t<div data-elementor-type=\"wp-page\" data-elementor-id=\"132\" class=\"elementor elementor-132\">\n\t\t\t\t\t\t<section class=\"elementor-section elementor-top-section elementor-element elementor-element-65da5b4d elementor-section-boxed elementor-section-height-default elementor-section-height-default\" data-id=\"65da5b4d\" data-element_type=\"section\" data-e-type=\"section\">\n\t\t\t\t\t\t<div class=\"elementor-container elementor-column-gap-default\">\n\t\t\t\t\t<div class=\"elementor-column elementor-col-100 elementor-top-column elementor-element elementor-element-1f6312af\" data-id=\"1f6312af\" data-element_type=\"column\" data-e-type=\"column\">\n\t\t\t<div class=\"elementor-widget-wrap elementor-element-populated\">\n\t\t\t\t\t\t<div class=\"elementor-element elementor-element-7e1dd2ea elementor-widget elementor-widget-text-editor\" data-id=\"7e1dd2ea\" data-element_type=\"widget\" data-e-type=\"widget\" data-widget_type=\"text-editor.default\">\n\t\t\t\t<div class=\"elementor-widget-container\">\n\t\t\t\t\t\t\t\t\t<p><\/p>\n<h2 class=\"wp-block-heading\"><a href=\"https:\/\/www.camping-combourg.com\/index.php\/mentions-legales\">Mentions l\u00e9gales<\/a><\/h2>\n<p><\/p>\n<p>Vous \u00eates actuellement connect\u00e9 au site internet du camping municipal de Combourg, d\u00e9partement d\u2019Ille et Vilaine, r\u00e9gion Bretagne.<\/p>\n<p>Ce site a pour vocation de pr\u00e9senter le camping de Combourg sous ses diff\u00e9rents aspects et de donner acc\u00e8s aux diverses informations li\u00e9es \u00e0 la vie de la collectivit\u00e9.<br \/>Il est accessible \u00e0 partir de l\u2019adresse suivante : <a href=\"http:\/\/camping.combourg.bzh\">http:\/\/camping.combourg.bzh<\/a><\/p>\n<h2>Informations \u00e9diteur<\/h2>\n<ul>\n<li>Directeur de la publication : Jo\u00ebl LE BESCO, maire de Combourg<\/li>\n<li>R\u00e9alisation : Service communication de la ville<\/li>\n<li>R\u00e9daction : Service communication de la ville<\/li>\n<li>CMS : WordPress<\/li>\n<li>H\u00e9bergement : OVH<\/li>\n<\/ul>\n<h2>Responsabilit\u00e9<\/h2>\n<p>La connexion de l\u2019utilisateur au site se fait sous son enti\u00e8re responsabilit\u00e9. La Collectivit\u00e9 ne peut \u00eatre tenue pour responsable de tout dommage issu d\u2019un dysfonctionnement quel qu\u2019il soit, d\u2019une suspension ou de la cessation du site, ou encore de tout dommage mat\u00e9riel ou immat\u00e9riel qui r\u00e9sulterait d\u2019une quelconque fa\u00e7on de la connexion au site.<\/p>\n<h2>Propri\u00e9t\u00e9 intellectuelle<\/h2>\n<p>Les contenus pr\u00e9sents sur le Site sont la propri\u00e9t\u00e9 exclusive de ville de Combourg. En vertu de l\u2019article L.122-4 du Code de la Propri\u00e9t\u00e9 Intellectuelle, ces \u00e9l\u00e9ments sont prot\u00e9g\u00e9s par le droit d\u2019auteur, toute reproduction est en principe conditionn\u00e9e \u00e0 l\u2019accord de la ville de Combourg.<\/p>\n<p>La r\u00e9utilisation non commerciale est autoris\u00e9e \u00e0 la condition de respecter l\u2019int\u00e9grit\u00e9 des informations et de n\u2019en alt\u00e9rer ni le sens, ni la port\u00e9e, ni l\u2019application et d\u2019en pr\u00e9ciser l\u2019origine et la date de publication.<br \/>Les demandes d\u2019autorisation de reproduction d\u2019un contenu doivent \u00eatre adress\u00e9es par courriel \u00e0\u00a0<a href=\"mailto:communication@combourg.com\">communication@combourg.com<\/a>.<\/p>\n<h2>Mise \u00e0 jour<\/h2>\n<p>La mise \u00e0 jour du site est r\u00e9alis\u00e9e r\u00e9guli\u00e8rement par le Service Communication. Nous rappelons que le contenu du site Internet peut comporter des inexactitudes ou omissions, et que ce contenu est susceptible d\u2019\u00eatre modifi\u00e9 ou mis \u00e0 jour dans de brefs d\u00e9lais.<br \/>Si vous constatez un lien bris\u00e9, une omission ou une erreur, vous pouvez le faire savoir aupr\u00e8s du service communication par mail : <a href=\"mailto:communication@combourg.com\">communication@combourg.com<\/a><br \/><a href=\"https:\/\/www.sablesursarthe.fr\/actualite\/le-coronavirus-et-le-territoire-sabolien\/\"><\/a><\/p>\n<h2>Donn\u00e9es personnelles<\/h2>\n<p>Le nouveau R\u00e8glement Europ\u00e9en sur la Protection des Donn\u00e9es Personnelles (RGPD) est entr\u00e9 en application le 25 mai 2018. Il vient renforcer et enrichir les dispositions de la Loi informatique et libert\u00e9 visant \u00e0 la transparence et \u00e0 la protection de vos donn\u00e9es personnelles.<br \/><strong>Nous vous invitons \u00e0 prendre connaissance de notre politique confidentialit\u00e9 sur cette page.<\/strong><\/p>\n<h2>Loi applicable et attribution de juridiction<\/h2>\n<p>Les pr\u00e9sentes Conditions G\u00e9n\u00e9rales d\u2019Utilisation sont r\u00e9gies par la loi fran\u00e7aise et l\u2019utilisateur, par son acceptation des pr\u00e9sentes, donne irr\u00e9vocablement comp\u00e9tence exclusive aux juridictions fran\u00e7aises.<\/p>\n<p><\/p>\t\t\t\t\t\t\t\t<\/div>\n\t\t\t\t<\/div>\n\t\t\t\t\t<\/div>\n\t\t<\/div>\n\t\t\t\t\t<\/div>\n\t\t<\/section>\n\t\t\t\t<\/div>\n\t\t","protected":false},"excerpt":{"rendered":"<p>Mentions l\u00e9gales Vous \u00eates actuellement connect\u00e9 au site internet du camping municipal de Combourg, d\u00e9partement d\u2019Ille et Vilaine, r\u00e9gion Bretagne. Ce site a pour vocation de pr\u00e9senter le camping de Combourg sous ses diff\u00e9rents aspects et de donner acc\u00e8s aux diverses informations li\u00e9es \u00e0 la vie de la collectivit\u00e9.Il est [&hellip;]<\/p>\n","protected":false},"author":1,"featured_media":0,"parent":0,"menu_order":0,"comment_status":"closed","ping_status":"closed","template":"","meta":{"footnotes":""},"class_list":["post-132","page","type-page","status-publish","hentry"],"_links":{"self":[{"href":"https:\/\/camping.combourg.bzh\/index.php\/wp-json\/wp\/v2\/pages\/132","targetHints":{"allow":["GET"]}}],"collection":[{"href":"https:\/\/camping.combourg.bzh\/index.php\/wp-json\/wp\/v2\/pages"}],"about":[{"href":"https:\/\/camping.combourg.bzh\/index.php\/wp-json\/wp\/v2\/types\/page"}],"author":[{"embeddable":true,"href":"https:\/\/camping.combourg.bzh\/index.php\/wp-json\/wp\/v2\/users\/1"}],"replies":[{"embeddable":true,"href":"https:\/\/camping.combourg.bzh\/index.php\/wp-json\/wp\/v2\/comments?post=132"}],"version-history":[{"count":17,"href":"https:\/\/camping.combourg.bzh\/index.php\/wp-json\/wp\/v2\/pages\/132\/revisions"}],"predecessor-version":[{"id":829,"href":"https:\/\/camping.combourg.bzh\/index.php\/wp-json\/wp\/v2\/pages\/132\/revisions\/829"}],"wp:attachment":[{"href":"https:\/\/camping.combourg.bzh\/index.php\/wp-json\/wp\/v2\/media?parent=132"}],"curies":[{"name":"wp","href":"https:\/\/api.w.org\/{rel}","templated":true}]}}

Mentions légales

<div data-elementor-type="wp-page" data-elementor-id="132" class="elementor elementor-132">
						<section class="elementor-section elementor-top-section elementor-element elementor-element-65da5b4d elementor-section-boxed elementor-section-height-default elementor-section-height-default" data-id="65da5b4d" data-element_type="section" data-e-type="section">
						<div class="elementor-container elementor-column-gap-default">
					<div class="elementor-column elementor-col-100 elementor-top-column elementor-element elementor-element-1f6312af" data-id="1f6312af" data-element_type="column" data-e-type="column">
			<div class="elementor-widget-wrap elementor-element-populated">
						<div class="elementor-element elementor-element-7e1dd2ea elementor-widget elementor-widget-text-editor" data-id="7e1dd2ea" data-element_type="widget" data-e-type="widget" data-widget_type="text-editor.default">
				<div class="elementor-widget-container">
									<p></p>
<h2 class="wp-block-heading"><a href="https://www.camping-combourg.com/index.php/mentions-legales">Mentions légales</a></h2>
<p></p>
<p>Vous êtes actuellement connecté au site internet du camping municipal de Combourg, département d’Ille et Vilaine, région Bretagne.</p>
<p>Ce site a pour vocation de présenter le camping de Combourg sous ses différents aspects et de donner accès aux diverses informations liées à la vie de la collectivité.<br />Il est accessible à partir de l’adresse suivante : <a href="http://camping.combourg.bzh">http://camping.combourg.bzh</a></p>
<h2>Informations éditeur</h2>
<ul>
<li>Directeur de la publication : Joël LE BESCO, maire de Combourg</li>
<li>Réalisation : Service communication de la ville</li>
<li>Rédaction : Service communication de la ville</li>
<li>CMS : WordPress</li>
<li>Hébergement : OVH</li>
</ul>
<h2>Responsabilité</h2>
<p>La connexion de l’utilisateur au site se fait sous son entière responsabilité. La Collectivité ne peut être tenue pour responsable de tout dommage issu d’un dysfonctionnement quel qu’il soit, d’une suspension ou de la cessation du site, ou encore de tout dommage matériel ou immatériel qui résulterait d’une quelconque façon de la connexion au site.</p>
<h2>Propriété intellectuelle</h2>
<p>Les contenus présents sur le Site sont la propriété exclusive de ville de Combourg. En vertu de l’article L.122-4 du Code de la Propriété Intellectuelle, ces éléments sont protégés par le droit d’auteur, toute reproduction est en principe conditionnée à l’accord de la ville de Combourg.</p>
<p>La réutilisation non commerciale est autorisée à la condition de respecter l’intégrité des informations et de n’en altérer ni le sens, ni la portée, ni l’application et d’en préciser l’origine et la date de publication.<br />Les demandes d’autorisation de reproduction d’un contenu doivent être adressées par courriel à <a href="mailto:communication@combourg.com">communication@combourg.com</a>.</p>
<h2>Mise à jour</h2>
<p>La mise à jour du site est réalisée régulièrement par le Service Communication. Nous rappelons que le contenu du site Internet peut comporter des inexactitudes ou omissions, et que ce contenu est susceptible d’être modifié ou mis à jour dans de brefs délais.<br />Si vous constatez un lien brisé, une omission ou une erreur, vous pouvez le faire savoir auprès du service communication par mail : <a href="mailto:communication@combourg.com">communication@combourg.com</a><br /><a href="https://www.sablesursarthe.fr/actualite/le-coronavirus-et-le-territoire-sabolien/"></a></p>
<h2>Données personnelles</h2>
<p>Le nouveau Règlement Européen sur la Protection des Données Personnelles (RGPD) est entré en application le 25 mai 2018. Il vient renforcer et enrichir les dispositions de la Loi informatique et liberté visant à la transparence et à la protection de vos données personnelles.<br /><strong>Nous vous invitons à prendre connaissance de notre politique confidentialité sur cette page.</strong></p>
<h2>Loi applicable et attribution de juridiction</h2>
<p>Les présentes Conditions Générales d’Utilisation sont régies par la loi française et l’utilisateur, par son acceptation des présentes, donne irrévocablement compétence exclusive aux juridictions françaises.</p>
<p></p>								</div>
				</div>
					</div>
		</div>
					</div>
		</section>
				</div>

<p>Mentions légales Vous êtes actuellement connecté au site internet du camping municipal de Combourg, département d’Ille et Vilaine, région Bretagne. Ce site a pour vocation de présenter le camping de Combourg sous ses différents aspects et de donner accès aux diverses informations liées à la vie de la collectivité.Il est [&hellip;]</p>
